= -1786. List the prime factors of k.
2, 7
Suppose 4*b = -q + b + 37, 0 = 3*q - 5*b - 83. Suppose 68 = 4*h + 4*n, -3*h + h = 3*n - q. Suppose 34 = 3*f - h. What are the prime factors of f?
2, 3
Let k(f) = 2 - 2*f + 31*f**2 - 17*f**3 - 32*f**2 + 15*f**3. Let o be k(1). List the prime factors of 115 - (o - 1) - -4.
3, 41
Let i(p) = p. Let f(k) = -66*k**3 + 5*k + 1. Let l(j) = f(j) - 4*i(j). Let g be l(-1). List the prime factors of 1232/g - (-1)/3.
19
Let q = -988 - -1489. Suppose q = -3*u + 1650. What are the prime factors of u?
383
Let n be (16/(-6))/(-4)*(-441)/14. Let v be -3*((-21)/(-9) - 3). What are the prime factors of v*39/(-9)*n?
2, 7, 13
Let k be -9*(-1 + 3 - 4)/(-6). Let b be (7 - 9)/((k/6)/(-1)). What are the prime factors of (8 + b - -230) + -3?
3, 7, 11
Let l(q) be the second derivative of -1/3*q**3 + 0 + 279/2*q**2 + 1/6*q**4 + 2*q. What are the prime factors of l(0)?
3, 31
Let l(m) = m**2 + 15*m + 36. Let a be l(-10). Let n(h) = -6*h - 52. Let o be n(a). What are the prime factors of (o/(-40))/(4/(-10))?
2
Suppose -5*r - 5*b = -10095, -3*b - 1123 = -r + 916. List the prime factors of r.
2, 11, 23
Let w = -9924 - -11046. List the prime factors of w.
2, 3, 11, 17
List the prime factors of (-232239)/(-273)*13*1.
11059
Suppose 0 = j + 4*y - 28 - 0, 5*y - 10 = 0. What are the prime factors of ((-2990)/j)/(2/(-4))?
13, 23
Suppose 4*l - 13 = 7, 2*i - 72326 = 14*l. List the prime factors of i.
2, 3, 2011
What are the prime factors of (-100)/(11/(429/(-6)))?
2, 5, 13
Suppose 21*y + 75*y = -12*y + 639360. List the prime factors of y.
2, 5, 37
Let h(f) = 124*f**2 - 350*f + 92. List the prime factors of h(-16).
2, 7, 191
Suppose -r + 2*r = 8. Let z(a) = -a**3 + 10*a**2 + 7*a - 2. Let y be z(r). Let s = -115 + y. List the prime factors of s.
67
Suppose 4*v + 5*h = 75, 0*h = -5*h - 5. Suppose -3*c = -7 - 5, -2*g - 4*c + v = 0. Let q(s) = -s**3 + 4*s**2 - s + 1. List the prime factors of q(g).
7
Suppose 96*o = -27*o - 7*o + 1041040. List the prime factors of o.
2, 7, 11, 13
Suppose -85006 = 109*w - 427157. What are the prime factors of w?
43, 73
Let r(o) = 30*o - 27*o + 10 - 24 - 79*o - 24. List the prime factors of r(-10).
2, 19
Suppose 16 = -4*g, -3*n - 2*n + 1656 = -4*g. Let h be (21*7/(-21) - -12) + -166. Let x = h + n. List the prime factors of x.
167
Let i(v) = 627*v - 8163. What are the prime factors of i(78)?
3, 503
Let l be (5 - 11/2)*-8. Let t = -2 + 4. Suppose -m + 63 = -t*o, m - l*o - 63 = -0*m. What are the prime factors of m?
3, 7
Suppose -10*n - 6199 = 3161. Let p = n - -1402. List the prime factors of p.
2, 233
Suppose -52259 = -d - 3*w - 6210, 5*d - 230173 = 3*w. What are the prime factors of d?
19, 2423
Let f be 9*(-1 + -5)/(-6). List the prime factors of ((48/f)/4)/(7/3003).
2, 11, 13
Let s(o) = 2*o**2 + 6*o + 5. Let y = -23 - -20. Let f be s(y). Suppose 3*v = 4*z - 2*v - 109, -f*z + 5*v + 130 = 0. List the prime factors of z.
3, 7
Suppose x + 38 = -9*j + 4*j, -5*x = -3*j - 6. Let a be j*(-4 + (-2 - -5))*4. Suppose -13 = -3*m + 4*u + 8, 5*u - a = -4*m. What are the prime factors of m?
7
Let m(t) be the third derivative of -17*t**4/24 - 2*t**3/3 - 35*t**2. What are the prime factors of m(-17)?
3, 5, 19
Suppose -91*p = -198699 - 205523. What are the prime factors of p?
2, 2221
Let i = -573 + 840. Suppose -a = i - 358. List the prime factors of a.
7, 13
Let r be 8/(-28) + 260/28. Suppose -r*t + 476 = -523. List the prime factors of t.
3, 37
Let q = 21029 + -14995. List the prime factors of q.
2, 7, 431
Suppose -b + q = -2, -b - 5*q + 39 = b. Let i(g) = 5*g**2 + 8*g - 26. Let s be i(b). Suppose c = 3*o - 269, -o - 2*o - 5*c = -s. List the prime factors of o.
2, 3, 5
Let u(n) = n**2 - 3*n + 28. Let z be 5/90*6 - 56/6. Let p be (-57)/5 + z/15. What are the prime factors of u(p)?
2, 13
Let j be 0/(-1)*5/15. Suppose j = 4*l - l + 780. List the prime factors of (13/5)/((-4)/l).
13
Suppose j = -4*m + 33532, 67080 = -17*j + 19*j + 4*m. What are the prime factors of j?
2, 8387
What are the prime factors of ((-144)/120)/(1 + 67354/(-67350))?
3, 5, 449
Let x(j) = 258*j + 48. Let q be x(5). Suppose 19*g - 17*g = q. What are the prime factors of g?
3, 223
Let i be 1729 + (64/(-2))/8. Suppose 4*p - 1319 = i. What are the prime factors of p?
761
Suppose -29 + 5 = -6*v. Let r(y) = 20*y**2 - 7*y + 9. Let a(n) = 20*n**2 - 7*n + 8. Let f(z) = v*a(z) - 3*r(z). List the prime factors of f(2).
71
Let r = 6282 + -1829. List the prime factors of r.
61, 73
List the prime factors of (-20756417)/(-418) - 26/(-4).
49663
Suppose -2*r = 8 + 22. Let g be -102 + 3/(-4)*(r + 19). What are the prime factors of ((-78)/(-5))/((-3)/(g/14))?
3, 13
Let w(y) be the first derivative of -5 - 2*y - 4*y**2 + 0*y**3 - 1/4*y**4. What are the prime factors of w(-4)?
2, 47
Suppose -17*d + 16 = -19*d. List the prime factors of (d/14)/4 + (-5658)/(-14).
2, 101
Let s(g) = -2*g**3 - 51*g**2 - 165*g - 1. List the prime factors of s(-22).
241
Let h = 554 - 89. Let y = 1048 - 1050. What are the prime factors of ((-6)/(-15))/(y - (-933)/h)?
2, 31
Suppose -10*f - 16*f + 104232 = -2*f. What are the prime factors of f?
43, 101
Suppose -30*o + 161294 + 103972 = -52164. List the prime factors of o.
3, 3527
Let x(j) = -j**3 + 37*j**2 + 41*j - 42. List the prime factors of x(25).
17, 499
Let p(v) = 654*v**2 + 130*v + 33. List the prime factors of p(-6).
3, 17, 149
Suppose 0 = k - 3*x - 5149, 33*k + 4*x = 32*k + 5121. What are the prime factors of k?
11, 467
Let y(l) = -590*l - 15. List the prime factors of y(-29).
5, 13, 263
Suppose 4*s - 4*a = -0 - 12, -s - 18 = -4*a. Suppose -3*m + 5071 = -s*h, 0 = 4*h + 17 + 3. Suppose 117 = 11*y - m. List the prime factors of y.
2, 41
Let l(n) = -n**2 + 5*n - 4. Let x be l(4). Let j(o) = 2*o**2 + o + 639. List the prime factors of j(x).
3, 71
Let g = -288 - -288. Suppose g = -8*s + 12641 - 2969. List the prime factors of s.
3, 13, 31
Let q = 1887 - 967. Suppose 9*c - 223 = q. Suppose 0 = 8*j - c - 305. What are the prime factors of j?
2, 3
Let j = -74 - -78. Let k be 37/(2/(-10 + j)). List the prime factors of 2/(4 - (-442)/k).
3, 37
Let b be 14/(-63) - (-76)/18. Suppose b*a + 228 = 2*p, 3*p - 112 - 198 = -2*a. What are the prime factors of ((-1)/1)/(3 - 320/p)?
53
Let h = -22 - -24. Suppose h*g - 231 = -3*t + 165, -5*t + 676 = -2*g. Let r = -66 + t. List the prime factors of r.
2, 17
Suppose 9*w - 4 = 5*w. What are the prime factors of (707/(-28))/(w*(-3)/120)?
2, 5, 101
Let z = 17 - 0. Suppose z*l = 2299 - 361. What are the prime factors of l?
2, 3, 19
Let q be 1659/56 + -1 + (-11)/(-8). Suppose 0 = q*y - 36*y + 768. List the prime factors of y.
2
Let t(v) = -217*v + 465. What are the prime factors of t(-35)?
2, 5, 13, 31
What are the prime factors of (-289032)/(-15)*(-20)/(-16)?
2, 12043
Suppose 3*s - 98 = -101. Let m be 12 + -16 - (-5 - (0 + s)). Suppose x - 6*x + 815 = m. List the prime factors of x.
163
Suppose 10*l - 47628 = -4*b + 11*l, 47628 = 4*b + 3*l. What are the prime factors of b?
3, 7
Let t(q) = -5*q - 5. Let o be t(-2). Suppose 2*l - 207 = -g + 674, 2190 = 5*l + o*g. What are the prime factors of l?
443
Suppose 5*v - 2*r - 41208 = 0, -161*v + 157*v + 32976 = -4*r. List the prime factors of v.
2, 5, 103
Suppose 1779 = j + 5*l, 77*j - 81*j + 17*l + 7375 = 0. List the prime factors of j.
2, 907
Let y = 10 - 202. Let h = 268 + y. List the prime factors of h.
2, 19
Let m be (7 - 5 - (-1 + -3))*-1. Let n(c) = 2*c**2 + 18*c + 24. Let q be n(m). List the prime factors of (-51)/q - 4/80*5.
2
Suppose -2*y + 5*s + 145 = 0, 2*y = s + 170 - 45. List the prime factors of y/(-100) - ((-1528)/(-5))/(-1).
5, 61
Suppose 8*j - 7*j - 15 = 0. Suppose -2*z = 4*k - 1746, 0*k = -3*k + j. What are the prime factors of z?
863
Suppose x - 4*u - 615 = 0, -u + 539 = -3*x + 2307. List the prime factors of x.
587
Let x = -95137 - -135369. List the prime factors of x.
2, 47, 107
Suppose -5*r - 4 + 1 = 3*a, 0 = -3*a + r + 15. Suppose 2*u - 38 = -2*f, -3*u - 3*f + a*f + 69 = 0. List the prime factors of u.
2, 11
Let z = 397 + -396. List the prime factors of ((-6)/(-12))/(z/3444).
2, 3, 7, 41
Suppose 6*b - 875 + 142 = 5537. What are the prime factors of b?
5, 11, 19
Let u(y) = 1075*y**2 - 35*y + 4. What are the prime factors of u(3)?
2, 4787
Let s(j) = 65*j + 8626.